tors of b?
3
Let l(b) = -b**2 - 5*b + 5. Let i be l(-5). Suppose -5*v + 6 + 19 = 0. Suppose -i*k + 25 = v. What are the prime factors of k?
2
Suppose i + 4*d = -14, -2*d = 3*i - 3 - 5. List the prime factors of 20/2*(-5 + i).
2, 5
Let h(p) = 92*p**3 + p - 2. List the prime factors of h(1).
7, 13
Suppose 3*g - 104 = -g + 5*d, -3*g - 2*d = -55. Let y(n) = n - 3. Let j be y(-7). Let h = g + j. List the prime factors of h.
11
Suppose -5 = k - 2*k. Suppose -4*o + 20 = 4*q, 0*o - 2*q + 22 = k*o. What are the prime factors of (o/6)/(1/3)?
2
Let o(r) = 0 - 6*r - 3 - r**2 + 0. Let j be o(-7). List the prime factors of (8/j)/(1/(-15)).
2, 3
Suppose -h = -0*h - 12. List the prime factors of h.
2, 3
Suppose 0 = 3*s + 4*h - 86, 4*h - h = -12. What are the prime factors of s?
2, 17
Let i be (-2)/(-4) + 84/(-8). Let m = -4 - i. List the prime factors of m.
2, 3
List the prime factors of -3 + (-7)/(28/(-656)).
7, 23
Let w = -63 + 105. Suppose 10*u - w = 7*u. What are the prime factors of u?
2, 7
Let w(h) = 3*h + 2. Let f be w(6). Suppose 3*k - 5*b - 18 = 0, 2*b - 4 = 2*k - f. List the prime factors of k.
11
Let l(b) = 2*b**2 + 8*b - 11. Suppose 23 = -4*n - 5. What are the prime factors of l(n)?
31
Let t = -5 - -4. Let o(g) = 4*g**2 - 2*g - 1. Let u be o(t). Suppose 3*n - 2*w - 15 = 0, u*w + 15 = -2*n + 5*n. What are the prime factors of n?
5
Let l = 2 + 20. What are the prime factors of l?
2, 11
Let y = -9 + 61. What are the prime factors of y?
2, 13
Let f = -92 - -155. List the prime factors of f.
3, 7
Let b = 7 - 8. Let r(u) = -12*u**3 - u**2 - u - 1. What are the prime factors of r(b)?
11
Suppose 5*s - 202 = m, -6*s + 3*m = -3*s - 126. What are the prime factors of s?
2, 5
Let s(g) = 34*g**3 + g**2 - 3*g + 5. List the prime factors of s(2).
5, 11
Suppose -p - 21 = -9. Let l be (-20)/p + (-2)/(-6). What are the prime factors of (-20)/(-15)*15/l?
2, 5
Let p(a) = -a**2 + 24. What are the prime factors of p(0)?
2, 3
Suppose 0 = 5*f + 38 + 7. Let l be (f + 2)*12/(-14). Suppose 0 = -4*s + 5*c + 20, 3*s + 4*c + 14 = l*s. List the prime factors of s.
2, 5
Let a be -2*(3 + -2) - -2. Suppose a = z + 4*z - 75. What are the prime factors of z?
3, 5
Suppose 16 = 3*h - h. Suppose -3*d + h = -4. List the prime factors of d.
2
Let j(n) = n**2 - 10*n + 14. Let o be j(9). List the prime factors of ((-1222)/65)/((-2)/o).
47
What are the prime factors of (153/(-6))/((4/(-2))/4)?
3, 17
Let h(k) = k + 1. What are the prime factors of h(9)?
2, 5
Let o(s) = -5*s - 2*s - 6*s. Let i be o(-1). Let u = i + -1. List the prime factors of u.
2, 3
Let z = -250 + 443. Suppose -v - d + 22 = -19, -5*v + z = 2*d. List the prime factors of v.
37
Let w be (-1 - -1) + 28/(-4). Let n = 11 + w. Suppose -2*v = -5*i - 19, -3*v + n*v - 5*i - 17 = 0. List the prime factors of v.
2
Let l = -1 + 5. Suppose 8*m - 44 = l*m. What are the prime factors of m?
11
Let t(c) = -c**3 - 2*c**2 - 3*c - 2. Let a be t(-2). Suppose 3*z - 5*z = -a. List the prime factors of (z - 2) + 3/1.
3
Suppose -7 - 118 = -5*s. What are the prime factors of s?
5
Suppose 0 = -2*m, 4*p - 2*m + 508 = 8*p. List the prime factors of p.
127
Let v(x) = -x - 5. Let k be v(-4). Suppose 4*f = -3*q - 12 - 8, -3*q = -2*f - 10. What are the prime factors of q/(-2 - k) - -11?
11
Let i = 16 + -9. What are the prime factors of i?
7
Let c be (39/6)/(1/(-2)). Let b = -8 - c. Suppose 0 = -b*t + 34 + 1. List the prime factors of t.
7
Suppose 4*d + 3*h + 77 = 400, -4*h = 2*d - 174. List the prime factors of d.
7, 11
Suppose 2*o + o = -3, 5*s - 4*o - 29 = 0. Suppose 3*i + 3*c = 162, s*i - 3*c - 263 = -c. What are the prime factors of i?
53
Let p be 1/(-5) - (-32)/10. Let c(h) = -7*h**2 + 3*h**3 - 7*h - 7*h**3 + 3*h**p + 2. What are the prime factors of c(-6)?
2
Let m(r) = r**2 - r. Let z be (-1 - 0)*(3 + -3). Let h be m(z). Let t = 3 + h. What are the prime factors of t?
3
Let l(a) = -5*a + 2. Let q = -13 + 10. What are the prime factors of l(q)?
17
Let l(m) = 2*m + 12. What are the prime factors of l(-3)?
2, 3
Let x = -47 + 78. What are the prime factors of x?
31
Let x be (4/(-2))/(10/(-25)). Suppose -a + 15 = -3*z - 12, -5*a = -x*z - 85. What are the prime factors of a?
2, 3
Let f(y) = y**3 - 9*y**2 + 5*y - 3. Let s be f(9). Let u = s + -24. What are the prime factors of u?
2, 3
Let b(m) = -m**2 + 9*m - 2. Suppose 12 = p + d + d, d = 1. Let z = p + -3. List the prime factors of b(z).
2, 3
Let d(q) = q + 2*q - 2 + 3*q. What are the prime factors of d(2)?
2, 5
Suppose -276 - 59 = -5*u. List the prime factors of u.
67
Suppose -6*y = -3*y - 9. Suppose 3*p = -2*u - 13, -4*u + y = 2*p - 5*u. Let k(j) = -9*j**3 - j - 1. List the prime factors of k(p).
3
List the prime factors of 4/(16/420) + -1 + 1.
3, 5, 7
Let s = 12 + 3. What are the prime factors of s?
3, 5
Let p(j) = -8*j + 3. Let m(n) = 40*n - 15. Let k(c) = 2*m(c) + 11*p(c). What are the prime factors of k(-2)?
19
Let i(m) = -2*m**3 + m**2 + 3*m + 7. Let d(o) = 3*o**3 - 3*o - 8. Let q(b) = 3*d(b) + 4*i(b). List the prime factors of q(-3).
2
Let v = 9 - 4. Suppose 2*u + 12 = v*u. Suppose u + 7 = j. What are the prime factors of j?
11
Let h(l) be the first derivative of 13*l**3/3 + 2*l**2 + 4*l - 7. What are the prime factors of h(-2)?
2, 3
Suppose 1528 = -19*u + 27*u. What are the prime factors of u?
191
Suppose -3*l - 43 = -2*u, 0 = 2*u - 5*u + l + 47. Suppose 3*p - 7 = u. What are the prime factors of p?
7
Let q(s) = -4*s + 3 + 4 - 2 + 5*s. List the prime factors of q(7).
2, 3
What are the prime factors of 56 + -7 + (-1 - -5)?
53
Let d(o) = -1 - o**3 + 0*o + 2*o**2 - 3*o**2 + o + 0*o**3. What are the prime factors of d(-3)?
2, 7
Suppose 7 - 3 = 2*v. What are the prime factors of v?
2
Let s = 96 + 177. List the prime factors of s.
3, 7, 13
Suppose -7*s = -s - 96. Suppose 3*c = s + 20. List the prime factors of c.
2, 3
Suppose -3*r - 6 = 3*f, -3*f + r = -3 - 11. Suppose 5*g + f*u + 15 = 2*g, 0 = -3*g + 5*u + 17. What are the prime factors of (-21)/3*(g - 0)?
7
Let c be 12 + 1/(2/(-4)). Let n(x) = 11*x + 1. Let y be n(-1). List the prime factors of ((-8)/c)/(4/y).
2
Suppose 33 = f + 2*f. Suppose -2*v = -2*o - 4, 3*o + 5*v = -f + 5. List the prime factors of o*(-2 - 0 - 2).
2
Suppose -32 = 5*m + 13. Let q be (6/m)/(-1)*-51. Let b = -21 - q. List the prime factors of b.
13
Let n(g) be the first derivative of 9*g**4/2 + g**3/3 - g**2/2 + g + 2. What are the prime factors of n(1)?
19
Let f = 16 - 8. Let t be 33/(-2)*f/(-6). Suppose -x - x = -t. List the prime factors of x.
11
Let k be (-2 + 28/3)*3. Let s = 31 - k. List the prime factors of s.
3
Let j = 2 - 4. Let v = -6 - -13. Let o = j + v. List the prime factors of o.
5
Let o be ((-2)/(-5))/((-5)/50). Let u(m) = -m + 1. List the prime factors of u(o).
5
Let x(g) = g**3 - g**2 - g + 19. List the prime factors of x(0).
19
Suppose 118 = 6*s - 176. What are the prime factors of s?
7
Let t = 73 - -200. What are the prime factors of t?
3, 7, 13
Let y be (-3)/6 + (-23)/2. Let g(s) = -s - 9. Let p be g(-7). What are the prime factors of y/(-5)*(-10)/p?
2, 3
Let c be (80/(-15))/(2/(-3)). Let q = c - 2. What are the prime factors of q?
2, 3
Let h(i) = 4*i + 4*i - 4*i - 3*i + i**3. Let g(y) = 4*y**3 + 6*y**2 + 7*y - 4. Let q(l) = g(l) - 3*h(l). List the prime factors of q(-4).
2, 3
Let s be 6/4*4/(-6). Let u(n) = 12*n**2 + n. What are the prime factors of u(s)?
11
Let m(y) be the first derivative of -y**2/2 + 7*y - 3. Suppose 3*r + 3*o = -r, 5*r + o = 0. List the prime factors of m(r).
7
Suppose -3*q = -0*n + 3*n - 63, 0 = 2*n + 3*q - 40. What are the prime factors of n?
23
Suppose -2*v = -4*a + 2*v, 3*a - 25 = -2*v. Suppose -39 = -3*n + 3*s, -4*n = -n + a*s - 79. What are the prime factors of n?
2, 3
Suppose 0 = 3*g - 5*x - 0*x + 107, 79 = -3*g - 2*x. Let h = g + 42. What are the prime factors of h?
13
Let p = 8 + -2. Suppose -p*y + y + 40 = 0. What are the prime factors of y?
2
Let n(m) = -45*m - 18. What are the prime factors of n(-4)?
2, 3
Let y(u) = -u**3 - 9*u**2 + 12. Let a(t) = -t - 2. Let p be a(7). List the prime factors of y(p).
2, 3
Let b = -169 - -348. What are the prime factors of b?
179
Suppose 4*l - h + 2 = 5*l, 0 = 2*h - 4. Let u(n) be the third derivative of -n**4/24 + n**3 - 2*n**2. List the prime factors of u(l).
2, 3
Let j = 6 + -4. Suppos